{"id":3684,"date":"2017-01-14T15:06:58","date_gmt":"2017-01-14T15:06:58","guid":{"rendered":"http:\/\/www.fictionandphotographs.de\/wordpress\/?page_id=3684"},"modified":"2017-05-15T16:15:50","modified_gmt":"2017-05-15T16:15:50","slug":"about","status":"publish","type":"page","link":"http:\/\/www.fictionandphotographs.de\/wordpress\/about\/about\/","title":{"rendered":"about"},"content":{"rendered":"<p>sehen, betrachten, deuten: fotografieren und schreiben liegen \u00e4hnliche konzepte zugrunde. sie erz\u00e4hlen, in dem sie fragen an perspektive, blickwinkel, fokus und motiv stellen.<\/p>\n<blockquote>\n<h3><\/h3>\n<h3><a href=\"http:\/\/www.fictionandphotographs.de\/wordpress\/wp-content\/uploads\/IMGP3967_sqare.jpg\"><img loading=\"lazy\" decoding=\"async\" class=\"left alignleft\" style=\"float: left; margin-right: 40 px;\" src=\"http:\/\/www.fictionandphotographs.de\/wordpress\/wp-content\/uploads\/IMGP3967_sqare.jpg\" alt=\"IMGP3967_sqare\" width=\"122\" height=\"122\" \/><\/a><\/h3>\n<p style=\"text-align: left; padding-left: 180px;\">&#8222;im surrealen verbergen sich die<br \/>\nunsichtbaren erscheinungen unserer<br \/>\nwelt. sie zu erfassen ist manchmal<br \/>\nkomisch, manchmal poetisch<br \/>\nund manches mal schmerzhaft.&#8220;<\/p>\n<\/blockquote>\n<p>fiction and photographs versteht sich als plattform f\u00fcr erz\u00e4hlungen in text und bild. gr\u00fcnderin ist christina denz. die arbeiten sind frei in form und struktur und dokumentieren die suche nach zeitgen\u00f6ssischen ausdrucksm\u00f6glichkeiten jenseits von regeln und trends.<\/p>\n<p>&nbsp;<\/p>\n<p>&nbsp;<\/p>\n<p>&nbsp;<\/p>\n<p>&nbsp;<\/p>\n<p>&nbsp;<\/p>\n<p>&nbsp;<\/p>\n","protected":false},"excerpt":{"rendered":"<p>sehen, betrachten, deuten: fotografieren und schreiben liegen \u00e4hnliche konzepte zugrunde. sie erz\u00e4hlen, in dem sie fragen an perspektive, blickwinkel, fokus und motiv stellen. &#8222;im surrealen verbergen sich die unsichtbaren erscheinungen unserer welt. sie zu erfassen ist manchmal komisch, manchmal poetisch und manches mal schmerzhaft.&#8220; fiction and photographs versteht sich als plattform f\u00fcr erz\u00e4hlungen in text [&hellip;]<\/p>\n","protected":false},"author":1,"featured_media":0,"parent":67,"menu_order":0,"comment_status":"closed","ping_status":"closed","template":"","meta":{"footnotes":""},"class_list":["post-3684","page","type-page","status-publish","hentry"],"_links":{"self":[{"href":"https:\/\/www.fictionandphotographs.de\/wordpress\/wp-json\/wp\/v2\/pages\/3684","targetHints":{"allow":["GET"]}}],"collection":[{"href":"https:\/\/www.fictionandphotographs.de\/wordpress\/wp-json\/wp\/v2\/pages"}],"about":[{"href":"https:\/\/www.fictionandphotographs.de\/wordpress\/wp-json\/wp\/v2\/types\/page"}],"author":[{"embeddable":true,"href":"https:\/\/www.fictionandphotographs.de\/wordpress\/wp-json\/wp\/v2\/users\/1"}],"replies":[{"embeddable":true,"href":"https:\/\/www.fictionandphotographs.de\/wordpress\/wp-json\/wp\/v2\/comments?post=3684"}],"version-history":[{"count":43,"href":"https:\/\/www.fictionandphotographs.de\/wordpress\/wp-json\/wp\/v2\/pages\/3684\/revisions"}],"predecessor-version":[{"id":3917,"href":"https:\/\/www.fictionandphotographs.de\/wordpress\/wp-json\/wp\/v2\/pages\/3684\/revisions\/3917"}],"up":[{"embeddable":true,"href":"https:\/\/www.fictionandphotographs.de\/wordpress\/wp-json\/wp\/v2\/pages\/67"}],"wp:attachment":[{"href":"https:\/\/www.fictionandphotographs.de\/wordpress\/wp-json\/wp\/v2\/media?parent=3684"}],"curies":[{"name":"wp","href":"https:\/\/api.w.org\/{rel}","templated":true}]}}