{"id":1675,"date":"2015-01-18T21:31:53","date_gmt":"2015-01-18T21:31:53","guid":{"rendered":"http:\/\/www.fictionandphotographs.de\/wordpress\/?page_id=1675"},"modified":"2018-01-16T13:19:42","modified_gmt":"2018-01-16T13:19:42","slug":"die-etappe-textauszug","status":"publish","type":"page","link":"http:\/\/www.fictionandphotographs.de\/wordpress\/fiction\/die-etappe-textauszug\/","title":{"rendered":"Die Etappe (Textauszug)"},"content":{"rendered":"<p><a href=\"http:\/\/www.fictionandphotographs.de\/wordpress\/wp-content\/uploads\/Etappe.jpg\"><img loading=\"lazy\" decoding=\"async\" class=\"left alignleft\" style=\"float: left; vertical-align: top; margin-right: 40px;\" src=\"http:\/\/www.fictionandphotographs.de\/wordpress\/wp-content\/uploads\/Etappe.jpg\" alt=\"Etappe\" width=\"1399\" height=\"931\" \/><\/a><\/p>\n<p>&nbsp;<\/p>\n<p class=\"p1\"><span class=\"s1\">Ihre Hand griff nach dem Ast, fasste ins Leere, schlug nach. Da erwischte sie ihn, zog sich hinauf und fiel gegen den Baumstamm. Es war d\u00e4mmrig, mit dem Jacken\u00e4rmel fuhr sie sich \u00fcber die Stirn, schwer wog der Stoff, der Boden war weich und dunkel. Durch das Blattwerk hindurch sah sie die Anlage unten im Tal. \u201eGeh weiter\u201c, fl\u00fcsterte sie zu sich. Da knackte etwas. Sie erstarrte, presste die Augen zusammen und hielt den Atem an. Aber da war nichts mehr zu h\u00f6ren als das Rauschen der Bl\u00e4tter.<\/span><\/p>\n<p class=\"p1\"><span class=\"s1\">Vorsichtig \u00f6ffnete sie die Augen. Vor ihr erstreckte sich ein dunkler Wald den Hang hinauf und in den Abend hinein. Sie zerrte ihre Stiefel aus dem aufgeweichten Boden, jeder Schritt schlammte. Zweige und ausged\u00f6rrte Bl\u00e4tter knackten. Hin und wieder hielt sie inne, kniff die Augen zusammen und lauschte. Je weiter sie kam, desto mehr \u00c4ste, Laub und Gestr\u00fcpp ragten aus dem Morast, nirgends war ein Pfad oder ein Zeichen fr\u00fcherer Aufstiege zu sehen. Die B\u00e4ume standen eng, dunkler und dunkler wurde es, nur oben am Kamm schimmerte ein heller Streif des Sp\u00e4tnachmittagslichts. <\/span><\/p>\n<p class=\"p1\"><span class=\"s1\">Fu\u00df vor Fu\u00df schritt sie den Hang bergan, da versperrte ihr ein Wall aus Dornen und \u00c4sten den Aufstieg. Sie stolperte daran entlang, knickte um, ihre Jacke verfing sich im Gestr\u00fcpp, sie zerrte daran, verlor das Gleichgewicht und fasste mit der Hand in den Dornenbusch. Sie schrie auf.<\/span><\/p>\n<p class=\"p1\"><span class=\"s1\">\u201eSchluck das\u201c, br\u00fcllt ihr eine ins Ohr, den Stock drohend \u00fcber ihr. Sie sieht den roten Striemen auf ihrem Handr\u00fccken, nimmt das Glas mit zitternden Fingern und trinkt. Die Fl\u00fcssigkeit brennt auf<\/span> <span class=\"s1\">der Zunge, sie will absetzen, doch schon streift der Stock ihren Arm. Dann ist das Glas leer, die T\u00fcr f\u00e4llt ins Schloss, die Lampe erlischt. <\/span><\/p>\n<p class=\"p1\"><span class=\"s1\">Es ist dunkel. Sie schaut von ihrem Schemel hinauf zu dem kleinen Fenster in der Wand. Eine Weile dauert es, da endlich weichen die W\u00e4nde, das Fenster \u00f6ffnet sich, Licht f\u00e4llt herein, es wird hell.<\/span><\/p>\n<p class=\"p1\"><span class=\"s1\">Ihre Hand schmerzte. Doch dann sah sie auf<\/span> <span class=\"s1\">und bald wurde ihr leichter ums Herz. So weit war sie noch nicht gekommen! Doch sie konnte keinen Durchlass, keinen Pfad durchs Dickicht erkennen. Und bald w\u00fcrde es dunkeln, schon wogten die B\u00e4ume schattengleich gegen den schwachen Streif am Kamm.<\/span><\/p>\n<p><strong>weiterlesen? hier k\u00f6nnen sie erfahren, wie die protagonistin die etappe bew\u00e4ltigt, &#8211; und zwar als <\/strong><strong>\u00a0<\/strong><\/p>\n<p>\n <a class=\"btn btn-live show-btn\" href=\"http:\/\/wp.fictionandphotographs.net\/produkt\/die-letzte-etappe\/\"> \u00a0 pdf zum ausdrucken \u00a0 <\/a> \u00a0und demn\u00e4chst auch als interaktive erz\u00e4hlung f\u00fcr pad und als taschenbuch.<\/p>\n<p>&nbsp;<\/p>\n","protected":false},"excerpt":{"rendered":"<p>&nbsp; Ihre Hand griff nach dem Ast, fasste ins Leere, schlug nach. Da erwischte sie ihn, zog sich hinauf und fiel gegen den Baumstamm. Es war d\u00e4mmrig, mit dem Jacken\u00e4rmel fuhr sie sich \u00fcber die Stirn, schwer wog der Stoff, der Boden war weich und dunkel. Durch das Blattwerk hindurch sah sie die Anlage unten [&hellip;]<\/p>\n","protected":false},"author":1,"featured_media":0,"parent":1122,"menu_order":0,"comment_status":"closed","ping_status":"closed","template":"","meta":{"footnotes":""},"class_list":["post-1675","page","type-page","status-publish","hentry"],"_links":{"self":[{"href":"https:\/\/www.fictionandphotographs.de\/wordpress\/wp-json\/wp\/v2\/pages\/1675","targetHints":{"allow":["GET"]}}],"collection":[{"href":"https:\/\/www.fictionandphotographs.de\/wordpress\/wp-json\/wp\/v2\/pages"}],"about":[{"href":"https:\/\/www.fictionandphotographs.de\/wordpress\/wp-json\/wp\/v2\/types\/page"}],"author":[{"embeddable":true,"href":"https:\/\/www.fictionandphotographs.de\/wordpress\/wp-json\/wp\/v2\/users\/1"}],"replies":[{"embeddable":true,"href":"https:\/\/www.fictionandphotographs.de\/wordpress\/wp-json\/wp\/v2\/comments?post=1675"}],"version-history":[{"count":120,"href":"https:\/\/www.fictionandphotographs.de\/wordpress\/wp-json\/wp\/v2\/pages\/1675\/revisions"}],"predecessor-version":[{"id":4101,"href":"https:\/\/www.fictionandphotographs.de\/wordpress\/wp-json\/wp\/v2\/pages\/1675\/revisions\/4101"}],"up":[{"embeddable":true,"href":"https:\/\/www.fictionandphotographs.de\/wordpress\/wp-json\/wp\/v2\/pages\/1122"}],"wp:attachment":[{"href":"https:\/\/www.fictionandphotographs.de\/wordpress\/wp-json\/wp\/v2\/media?parent=1675"}],"curies":[{"name":"wp","href":"https:\/\/api.w.org\/{rel}","templated":true}]}}