{"id":1293,"date":"2014-10-18T17:01:04","date_gmt":"2014-10-18T17:01:04","guid":{"rendered":"http:\/\/www.fictionandphotographs.de\/wordpress\/?page_id=1293"},"modified":"2017-02-26T19:41:47","modified_gmt":"2017-02-26T19:41:47","slug":"private-utopia","status":"publish","type":"page","link":"http:\/\/www.fictionandphotographs.de\/wordpress\/photographs-2\/private-utopia\/","title":{"rendered":"private utopia"},"content":{"rendered":"<h2>ausstellung | installation<\/h2>\n<p>english summary below<\/p>\n<p>die sehnsucht nach utopia, dem nicht-ort, ist ein topos der kunst- und literaturgeschichte. worauf aber richtet sich diese sehnsucht in einer zeit, die keine utopien mehr kennt? private utopia erz\u00e4hlt von meiner\u00a0ann\u00e4herung an den nicht-ort utopia im prozess des fotografierens und schreibens. aus dem dunkeln treten schatten hervor &#8230; und offenbaren ein tableaux der eigenen sehnsucht.<\/p>\n<p>private utopia war als bild-text-installation vom 23. bis zum 31. mai 2015 in der wbb\u00a0willner brauerei, berliner stra\u00dfe 80 &#8211; 82 in berlin pankow im rahmen der gruppenausstellung \u00f6ffentlich | privat | pers\u00f6nlich zu sehen. zu der ausstellung erschien ein katalog, den sie \u00fcber die <a href=\"http:\/\/oeffentlich-privat-persoenlich.de\/\" target=\"_blank\">ausstellungs-website<\/a> ordern k\u00f6nnen. mehr lesen sie auch auf meinem \n <a class=\"btn btn-live show-btn\" href=\"http:\/\/www.fictionandphotographs.de\/wordpress\/item\/ausstellung\/\"> \u00a0blog \u00a0<\/a><\/p>\n\n <a class=\"btn btn-live show-btn\" href=\"http:\/\/www.fictionandphotographs.de\/wordpress\/wp-content\/uploads\/Fotografie_\u00f6ffentlich_privat.pdf\"> \u00a0 pressemitteilung \u00a0 <\/a>\n<p>&nbsp;<\/p>\n\n<div class=\"row-fluid \"><\/div>\n\n\n<div id=\"ShowCarousel-01\" class=\"carousel slide \"><div class=\"carousel-inner\"><div class=\"item active\">\n         <\/p>\n<p><a href=\"http:\/\/www.fictionandphotographs.de\/wordpress\/wp-content\/uploads\/IMGP2803.jpg\"><img loading=\"lazy\" decoding=\"async\" class=\"alignnone size-full wp-image-2236\" src=\"http:\/\/www.fictionandphotographs.de\/wordpress\/wp-content\/uploads\/IMGP2803.jpg\" alt=\"IMGP2803\" width=\"2174\" height=\"1445\" srcset=\"https:\/\/www.fictionandphotographs.de\/wordpress\/wp-content\/uploads\/IMGP2803.jpg 2174w, https:\/\/www.fictionandphotographs.de\/wordpress\/wp-content\/uploads\/IMGP2803-300x199.jpg 300w, https:\/\/www.fictionandphotographs.de\/wordpress\/wp-content\/uploads\/IMGP2803-1024x681.jpg 1024w\" sizes=\"auto, (max-width: 2174px) 100vw, 2174px\" \/><\/a><\/p>\n<p><a href=\"http:\/\/www.fictionandphotographs.de\/wordpress\/wp-content\/uploads\/Duo-1.jpg\">\n    <\/div><div class=\"item \">\n         <\/a><\/p>\n<p><a href=\"http:\/\/www.fictionandphotographs.de\/wordpress\/wp-content\/uploads\/IMGP2778.jpg\"><img loading=\"lazy\" decoding=\"async\" class=\"alignnone size-full wp-image-2237\" src=\"http:\/\/www.fictionandphotographs.de\/wordpress\/wp-content\/uploads\/IMGP2778.jpg\" alt=\"IMGP2778\" width=\"2174\" height=\"1445\" srcset=\"https:\/\/www.fictionandphotographs.de\/wordpress\/wp-content\/uploads\/IMGP2778.jpg 2174w, https:\/\/www.fictionandphotographs.de\/wordpress\/wp-content\/uploads\/IMGP2778-300x199.jpg 300w, https:\/\/www.fictionandphotographs.de\/wordpress\/wp-content\/uploads\/IMGP2778-1024x681.jpg 1024w\" sizes=\"auto, (max-width: 2174px) 100vw, 2174px\" \/><\/a><\/p>\n<p>\n    <\/div><div class=\"item \">\n         <\/p>\n<p><a href=\"http:\/\/www.fictionandphotographs.de\/wordpress\/wp-content\/uploads\/IMGP2789.jpg\"><img loading=\"lazy\" decoding=\"async\" class=\"alignnone size-full wp-image-2238\" src=\"http:\/\/www.fictionandphotographs.de\/wordpress\/wp-content\/uploads\/IMGP2789.jpg\" alt=\"IMGP2789\" width=\"2174\" height=\"1445\" srcset=\"https:\/\/www.fictionandphotographs.de\/wordpress\/wp-content\/uploads\/IMGP2789.jpg 2174w, https:\/\/www.fictionandphotographs.de\/wordpress\/wp-content\/uploads\/IMGP2789-300x199.jpg 300w, https:\/\/www.fictionandphotographs.de\/wordpress\/wp-content\/uploads\/IMGP2789-1024x681.jpg 1024w\" sizes=\"auto, (max-width: 2174px) 100vw, 2174px\" \/><\/a><\/p>\n<p>\n    <\/div><div class=\"item \">\n         <\/p>\n<p><a href=\"http:\/\/www.fictionandphotographs.de\/wordpress\/wp-content\/uploads\/IMGP2787.jpg\"><img loading=\"lazy\" decoding=\"async\" class=\"alignnone size-full wp-image-2239\" src=\"http:\/\/www.fictionandphotographs.de\/wordpress\/wp-content\/uploads\/IMGP2787.jpg\" alt=\"IMGP2787\" width=\"2174\" height=\"1445\" srcset=\"https:\/\/www.fictionandphotographs.de\/wordpress\/wp-content\/uploads\/IMGP2787.jpg 2174w, https:\/\/www.fictionandphotographs.de\/wordpress\/wp-content\/uploads\/IMGP2787-300x199.jpg 300w, https:\/\/www.fictionandphotographs.de\/wordpress\/wp-content\/uploads\/IMGP2787-1024x681.jpg 1024w\" sizes=\"auto, (max-width: 2174px) 100vw, 2174px\" \/><\/a>\n    <\/div><div class=\"item \">\n         <\/p>\n<p><a href=\"http:\/\/www.fictionandphotographs.de\/wordpress\/wp-content\/uploads\/Texttafel3_4.jpg\"><img loading=\"lazy\" decoding=\"async\" class=\"alignnone size-full wp-image-2438\" src=\"http:\/\/www.fictionandphotographs.de\/wordpress\/wp-content\/uploads\/Texttafel3_4.jpg\" alt=\"Texttafel3_4\" width=\"2900\" height=\"1450\" srcset=\"https:\/\/www.fictionandphotographs.de\/wordpress\/wp-content\/uploads\/Texttafel3_4.jpg 2900w, https:\/\/www.fictionandphotographs.de\/wordpress\/wp-content\/uploads\/Texttafel3_4-300x150.jpg 300w, https:\/\/www.fictionandphotographs.de\/wordpress\/wp-content\/uploads\/Texttafel3_4-1024x512.jpg 1024w\" sizes=\"auto, (max-width: 2900px) 100vw, 2900px\" \/><\/a><\/p>\n<p>\n    <\/div><div class=\"item \">\n         <\/p>\n<p><a href=\"http:\/\/www.fictionandphotographs.de\/wordpress\/wp-content\/uploads\/Mast_Stra\u00dfe1.jpg\"><img loading=\"lazy\" decoding=\"async\" class=\"alignnone size-full wp-image-2440\" src=\"http:\/\/www.fictionandphotographs.de\/wordpress\/wp-content\/uploads\/Mast_Stra\u00dfe1.jpg\" alt=\"Mast_Stra\u00dfe\" width=\"1734\" height=\"1300\" srcset=\"https:\/\/www.fictionandphotographs.de\/wordpress\/wp-content\/uploads\/Mast_Stra\u00dfe1.jpg 1734w, https:\/\/www.fictionandphotographs.de\/wordpress\/wp-content\/uploads\/Mast_Stra\u00dfe1-300x225.jpg 300w, https:\/\/www.fictionandphotographs.de\/wordpress\/wp-content\/uploads\/Mast_Stra\u00dfe1-1024x768.jpg 1024w\" sizes=\"auto, (max-width: 1734px) 100vw, 1734px\" \/><\/a><\/p>\n<p>\n    <\/div><\/div><a class=\"carousel-control left\" href=\"#ShowCarousel-01\" data-slide=\"prev\">&lsaquo;<\/a>\n                        <a class=\"carousel-control right\" href=\"#ShowCarousel-01\" data-slide=\"next\">&rsaquo;<\/a><\/div>\n<p>longing for utopia is a traditional subject in literature and art. but in a world without utopian thought &#8211; where does or longing leads to? private utopia reflects about the search of the utopian no-place in writing and photographing. shadows emerge from the darkness and creates a tableaux of my dreams and images.<\/p>\n<p>the installation can be visited as part of the group exhibition public | private | personally from 23th to 31th of may 2015 in wbb\u00a0willner brauerei, berliner stra\u00dfe 80 &#8211; 82 in berlin pankow. a\u00a0catalogue is only available in german.<\/p>\n\n <a class=\"btn btn-live show-btn\" href=\"http:\/\/www.fictionandphotographs.de\/wordpress\/wp-content\/uploads\/englisch_Fotografie_\u00f6ffentlich_privat.pdf\"> \u00a0english press release \u00a0<\/a>\n<p>&nbsp;<\/p>\n","protected":false},"excerpt":{"rendered":"<p>ausstellung | installation english summary below die sehnsucht nach utopia, dem nicht-ort, ist ein topos der kunst- und literaturgeschichte. worauf aber richtet sich diese sehnsucht in einer zeit, die keine utopien mehr kennt? private utopia erz\u00e4hlt von meiner\u00a0ann\u00e4herung an den nicht-ort utopia im prozess des fotografierens und schreibens. aus dem dunkeln treten schatten hervor &#8230; [&hellip;]<\/p>\n","protected":false},"author":1,"featured_media":0,"parent":478,"menu_order":1,"comment_status":"open","ping_status":"open","template":"left-split.php","meta":{"footnotes":""},"class_list":["post-1293","page","type-page","status-publish","hentry"],"_links":{"self":[{"href":"https:\/\/www.fictionandphotographs.de\/wordpress\/wp-json\/wp\/v2\/pages\/1293","targetHints":{"allow":["GET"]}}],"collection":[{"href":"https:\/\/www.fictionandphotographs.de\/wordpress\/wp-json\/wp\/v2\/pages"}],"about":[{"href":"https:\/\/www.fictionandphotographs.de\/wordpress\/wp-json\/wp\/v2\/types\/page"}],"author":[{"embeddable":true,"href":"https:\/\/www.fictionandphotographs.de\/wordpress\/wp-json\/wp\/v2\/users\/1"}],"replies":[{"embeddable":true,"href":"https:\/\/www.fictionandphotographs.de\/wordpress\/wp-json\/wp\/v2\/comments?post=1293"}],"version-history":[{"count":51,"href":"https:\/\/www.fictionandphotographs.de\/wordpress\/wp-json\/wp\/v2\/pages\/1293\/revisions"}],"predecessor-version":[{"id":3856,"href":"https:\/\/www.fictionandphotographs.de\/wordpress\/wp-json\/wp\/v2\/pages\/1293\/revisions\/3856"}],"up":[{"embeddable":true,"href":"https:\/\/www.fictionandphotographs.de\/wordpress\/wp-json\/wp\/v2\/pages\/478"}],"wp:attachment":[{"href":"https:\/\/www.fictionandphotographs.de\/wordpress\/wp-json\/wp\/v2\/media?parent=1293"}],"curies":[{"name":"wp","href":"https:\/\/api.w.org\/{rel}","templated":true}]}}

<h2>ausstellung | installation</h2>
<p>english summary below</p>
<p>die sehnsucht nach utopia, dem nicht-ort, ist ein topos der kunst- und literaturgeschichte. worauf aber richtet sich diese sehnsucht in einer zeit, die keine utopien mehr kennt? private utopia erzählt von meiner annäherung an den nicht-ort utopia im prozess des fotografierens und schreibens. aus dem dunkeln treten schatten hervor &#8230; und offenbaren ein tableaux der eigenen sehnsucht.</p>
<p>private utopia war als bild-text-installation vom 23. bis zum 31. mai 2015 in der wbb willner brauerei, berliner straße 80 &#8211; 82 in berlin pankow im rahmen der gruppenausstellung öffentlich | privat | persönlich zu sehen. zu der ausstellung erschien ein katalog, den sie über die <a href="http://oeffentlich-privat-persoenlich.de/" target="_blank">ausstellungs-website</a> ordern können. mehr lesen sie auch auf meinem 
 <a class="btn btn-live show-btn" href="http://www.fictionandphotographs.de/wordpress/item/ausstellung/">  blog  </a></p>

 <a class="btn btn-live show-btn" href="http://www.fictionandphotographs.de/wordpress/wp-content/uploads/Fotografie_öffentlich_privat.pdf">   pressemitteilung   </a>
<p>&nbsp;</p>

<div class="row-fluid "></div>


<div id="ShowCarousel-01" class="carousel slide "><div class="carousel-inner"><div class="item active">
         </p>
<p><a href="http://www.fictionandphotographs.de/wordpress/wp-content/uploads/IMGP2803.jpg"><img loading="lazy" decoding="async" class="alignnone size-full wp-image-2236" src="http://www.fictionandphotographs.de/wordpress/wp-content/uploads/IMGP2803.jpg" alt="IMGP2803" width="2174" height="1445" srcset="https://www.fictionandphotographs.de/wordpress/wp-content/uploads/IMGP2803.jpg 2174w, https://www.fictionandphotographs.de/wordpress/wp-content/uploads/IMGP2803-300x199.jpg 300w, https://www.fictionandphotographs.de/wordpress/wp-content/uploads/IMGP2803-1024x681.jpg 1024w" sizes="auto, (max-width: 2174px) 100vw, 2174px" /></a></p>
<p><a href="http://www.fictionandphotographs.de/wordpress/wp-content/uploads/Duo-1.jpg">
    </div><div class="item ">
         </a></p>
<p><a href="http://www.fictionandphotographs.de/wordpress/wp-content/uploads/IMGP2778.jpg"><img loading="lazy" decoding="async" class="alignnone size-full wp-image-2237" src="http://www.fictionandphotographs.de/wordpress/wp-content/uploads/IMGP2778.jpg" alt="IMGP2778" width="2174" height="1445" srcset="https://www.fictionandphotographs.de/wordpress/wp-content/uploads/IMGP2778.jpg 2174w, https://www.fictionandphotographs.de/wordpress/wp-content/uploads/IMGP2778-300x199.jpg 300w, https://www.fictionandphotographs.de/wordpress/wp-content/uploads/IMGP2778-1024x681.jpg 1024w" sizes="auto, (max-width: 2174px) 100vw, 2174px" /></a></p>
<p>
    </div><div class="item ">
         </p>
<p><a href="http://www.fictionandphotographs.de/wordpress/wp-content/uploads/IMGP2789.jpg"><img loading="lazy" decoding="async" class="alignnone size-full wp-image-2238" src="http://www.fictionandphotographs.de/wordpress/wp-content/uploads/IMGP2789.jpg" alt="IMGP2789" width="2174" height="1445" srcset="https://www.fictionandphotographs.de/wordpress/wp-content/uploads/IMGP2789.jpg 2174w, https://www.fictionandphotographs.de/wordpress/wp-content/uploads/IMGP2789-300x199.jpg 300w, https://www.fictionandphotographs.de/wordpress/wp-content/uploads/IMGP2789-1024x681.jpg 1024w" sizes="auto, (max-width: 2174px) 100vw, 2174px" /></a></p>
<p>
    </div><div class="item ">
         </p>
<p><a href="http://www.fictionandphotographs.de/wordpress/wp-content/uploads/IMGP2787.jpg"><img loading="lazy" decoding="async" class="alignnone size-full wp-image-2239" src="http://www.fictionandphotographs.de/wordpress/wp-content/uploads/IMGP2787.jpg" alt="IMGP2787" width="2174" height="1445" srcset="https://www.fictionandphotographs.de/wordpress/wp-content/uploads/IMGP2787.jpg 2174w, https://www.fictionandphotographs.de/wordpress/wp-content/uploads/IMGP2787-300x199.jpg 300w, https://www.fictionandphotographs.de/wordpress/wp-content/uploads/IMGP2787-1024x681.jpg 1024w" sizes="auto, (max-width: 2174px) 100vw, 2174px" /></a>
    </div><div class="item ">
         </p>
<p><a href="http://www.fictionandphotographs.de/wordpress/wp-content/uploads/Texttafel3_4.jpg"><img loading="lazy" decoding="async" class="alignnone size-full wp-image-2438" src="http://www.fictionandphotographs.de/wordpress/wp-content/uploads/Texttafel3_4.jpg" alt="Texttafel3_4" width="2900" height="1450" srcset="https://www.fictionandphotographs.de/wordpress/wp-content/uploads/Texttafel3_4.jpg 2900w, https://www.fictionandphotographs.de/wordpress/wp-content/uploads/Texttafel3_4-300x150.jpg 300w, https://www.fictionandphotographs.de/wordpress/wp-content/uploads/Texttafel3_4-1024x512.jpg 1024w" sizes="auto, (max-width: 2900px) 100vw, 2900px" /></a></p>
<p>
    </div><div class="item ">
         </p>
<p><a href="http://www.fictionandphotographs.de/wordpress/wp-content/uploads/Mast_Straße1.jpg"><img loading="lazy" decoding="async" class="alignnone size-full wp-image-2440" src="http://www.fictionandphotographs.de/wordpress/wp-content/uploads/Mast_Straße1.jpg" alt="Mast_Straße" width="1734" height="1300" srcset="https://www.fictionandphotographs.de/wordpress/wp-content/uploads/Mast_Straße1.jpg 1734w, https://www.fictionandphotographs.de/wordpress/wp-content/uploads/Mast_Straße1-300x225.jpg 300w, https://www.fictionandphotographs.de/wordpress/wp-content/uploads/Mast_Straße1-1024x768.jpg 1024w" sizes="auto, (max-width: 1734px) 100vw, 1734px" /></a></p>
<p>
    </div></div><a class="carousel-control left" href="#ShowCarousel-01" data-slide="prev">&lsaquo;</a>
                        <a class="carousel-control right" href="#ShowCarousel-01" data-slide="next">&rsaquo;</a></div>
<p>longing for utopia is a traditional subject in literature and art. but in a world without utopian thought &#8211; where does or longing leads to? private utopia reflects about the search of the utopian no-place in writing and photographing. shadows emerge from the darkness and creates a tableaux of my dreams and images.</p>
<p>the installation can be visited as part of the group exhibition public | private | personally from 23th to 31th of may 2015 in wbb willner brauerei, berliner straße 80 &#8211; 82 in berlin pankow. a catalogue is only available in german.</p>

 <a class="btn btn-live show-btn" href="http://www.fictionandphotographs.de/wordpress/wp-content/uploads/englisch_Fotografie_öffentlich_privat.pdf">  english press release  </a>
<p>&nbsp;</p>

<p>ausstellung | installation english summary below die sehnsucht nach utopia, dem nicht-ort, ist ein topos der kunst- und literaturgeschichte. worauf aber richtet sich diese sehnsucht in einer zeit, die keine utopien mehr kennt? private utopia erzählt von meiner annäherung an den nicht-ort utopia im prozess des fotografierens und schreibens. aus dem dunkeln treten schatten hervor &#8230; [&hellip;]</p>
