{"id":1207,"date":"2014-10-21T08:00:32","date_gmt":"2014-10-21T08:00:32","guid":{"rendered":"http:\/\/www.fictionandphotographs.de\/wordpress\/?page_id=1207"},"modified":"2016-04-16T12:30:28","modified_gmt":"2016-04-16T12:30:28","slug":"interdependissima","status":"publish","type":"page","link":"http:\/\/www.fictionandphotographs.de\/wordpress\/fiction\/interdependissima\/","title":{"rendered":"Interdependissima (Textauszug)"},"content":{"rendered":"<h2>Eine gruppenp\u00e4dagogische Sitzung in\u00a03 Akten und 14 Szenen mit Zitaten aus den Schriften Ruth Cohns<\/h2>\n<p><strong>Personen<\/strong><\/p>\n<p>Ruth \u00a0 \u00a0 \u00a0 \u00a0 \u00a0 \u00a0 \u00a0 54, Gruppenp\u00e4dagogin, Analytikerin, geschieden, eine Tochter<\/p>\n<p>Marion \u00a0 \u00a0 \u00a0 \u00a0 \u00a0 51, arbeitslos, Hartz IV, geschieden, zwei Kinder<\/p>\n<p>Manfred \u00a0 \u00a0 \u00a0 \u00a048, Lehrer, krankgeschrieben<\/p>\n<p>Doris \u00a0 \u00a0 \u00a0 \u00a0 \u00a0 \u00a0 \u00a043, Hausfrau, Mutter, drei Kinder<\/p>\n<p>Jens \u00a0 \u00a0 \u00a0 \u00a0 \u00a0 \u00a0 \u00a0 \u00a036, Lehrer, ledig<\/p>\n<p>Simone \u00a0 \u00a0 \u00a0 \u00a0 \u00a026, Studentin, Deutsch und Psychologie auf Lehramt, ledig<\/p>\n<p>Lothar \u00a0 \u00a0 \u00a0 \u00a0 \u00a0 \u00a051, Journalist und Berater<\/p>\n<p>&nbsp;<\/p>\n<p>Kamera 1\u00a0\u00a0\u00a0\u00a0\u00a0\u00a0\u00a0 Videokamera auf Teilnehmer<\/p>\n<p>Kamera 2\u00a0\u00a0\u00a0\u00a0\u00a0\u00a0\u00a0 Videokamera auf Publikum<\/p>\n<p>Publikum<\/p>\n<p>&nbsp;<\/p>\n<p><strong>Spieldauer ca. 90 Minuten inklusive 15 Minuten Pause.<\/strong><\/p>\n<p class=\"p1\"><b>Szene 5<\/b><\/p>\n<p class=\"p3\"><i>[Kamera 1: Ruth]<\/i><\/p>\n<p class=\"p4\"><em>Ruth<\/em><br \/>\nWas wir gerade erleben, was Manfred erlebt, dieses in der Mitte der Gruppe stehen, einen Raum f\u00fcr das Selbst zu erhalten, das k\u00f6nnt ihr gut auch mal zum Thema eines Kurses machen, zum Beispiel bei einer Gruppe von Langzeitarbeitslosen, um ihnen ein Gef\u00fchl zu geben, dass sie integriert sind, dass sie dazugeh\u00f6ren.<\/p>\n<p class=\"p4\"><em>Lothar<\/em><br \/>\nLangzeitarbeitslose, das w\u00e4r doch was f\u00fcr Dich Moni, da kennst Du Dich doch aus.<\/p>\n<p class=\"p4\"><em>Ruth<\/em><br \/>\nJa, da hat die Marion Erfahrung und das ist auch wichtig, denn ich bin bei der Anleitung einer Gruppe nicht \u201eNur-Leiterin\u201c, ich bin ein Mitglied wie alle anderen, mit einer zus\u00e4tzlichen Funktion, die Arbeit, die Interaktion der Gruppe und die Betroffenheit oder St\u00f6rungen der einzelnen wahrzunehmen und mich einzusetzen, wenn ich glaube, dass es angemessen ist.<span class=\"Apple-converted-space\">\u00a0 <\/span>Als Leiter seid Ihr Teil der Gruppe, Ihr steht nicht au\u00dferhalb. Es geht immer darum, Anteil zu nehmen und damit der Gruppe neue Perspektiven zu er\u00f6ffnen, so wie wir hier Anteil an Euch nehmen und ihr damit neue Perspektiven bekommt, Euch selbst gegenseitig Hoffnung macht.<\/p>\n<p class=\"p6\"><i>[Kamera 1: fade out]<\/i><\/p>\n<p class=\"p4\"><em>Ruth<\/em><br \/>\nVielleicht hat Marion schon eine Vorstellung, welches Thema sie gerne einer Gruppe anbieten w\u00fcrde. Hast Du Dir da schon mal Gedanken gemacht. Was w\u00fcrde Dich interessieren?<\/p>\n<p class=\"p4\"><em>Marion<\/em><br \/>\nIch habe noch keine Vorstellung. Ich will das jetzt auch nicht besprechen..<\/p>\n<p class=\"p4\"><em>Ruth<\/em><br \/>\nM\u00f6chtest Du \u00fcber Deine Schwierigkeiten reden?<\/p>\n<p class=\"p4\"><em>Marion<\/em><br \/>\nNein, ich h\u00f6r\u2018 einfach zu.<\/p>\n<p class=\"p4\"><em>Ruth<\/em><br \/>\nAber Du bist mit dem Herzen nicht dabei. W\u00e4rest Du jetzt lieber woanders?<\/p>\n<p class=\"p4\"><em>Marion<\/em>\u00a0<em>[leise]<\/em><br \/>\nWenn ich ehrlich bin, schon.<\/p>\n<p class=\"p6\"><i>[Dunkel\/Spot auf Marion]<\/i><\/p>\n<p class=\"p4\"><em>Ruth<\/em><br \/>\nWo w\u00e4rst Du jetzt gern?<\/p>\n<p class=\"p4\"><em>Marion<\/em><br \/>\nWeit weg.<\/p>\n<p class=\"p4\"><em>Ruth<\/em><br \/>\nGeh weit weg, so weit weg, wie du willst, wo du gern w\u00e4rst. Geh in deiner Phantasie dahin, wo du sein m\u00f6chtest. Du brauchst uns nicht zu erz\u00e4hlen, wo du Dich jetzt siehst, au\u00dfer, Du willst es. Nimm dir Zeit f\u00fcr deine Reise.<\/p>\n<p class=\"p4\"><em>Marion [schlie\u00dft die Augen]<\/em><br \/>\nIch bin weit weg &#8211; unter einem Busch<\/p>\n<p class=\"p4\"><em>Ruth<\/em><br \/>\nEs ist gut, ein Busch zu sein. Ein Busch muss nichts sagen. Er ist ein Busch.<\/p>\n<p class=\"p4\"><em>Marion<\/em><br \/>\nIch bin nicht ganz Busch. Ich sitze unter dem Busch.<\/p>\n<p class=\"p4\"><em>Ruth<\/em><br \/>\nWillst Du dem Busch etwas sagen?<\/p>\n<p class=\"p4\"><em>Marion<\/em><br \/>\nIch brauche ihm nichts zu sagen. Er versteht mich.<\/p>\n<p class=\"p4\"><em>Ruth<\/em><br \/>\nDu bist mir vertraut Busch, wir kennen uns. Wir brauchen nichts zu sagen. Wir verstehen uns ohne Worte.<\/p>\n<p class=\"p4\"><em>Marion<\/em><br \/>\nIch m\u00f6chte hier unter dem Busch sitzen bleiben<\/p>\n<p class=\"p4\"><em>Ruth<\/em><br \/>\nMit uns oder allein?<\/p>\n<p class=\"p4\"><em>Marion<\/em><br \/>\nAllein<\/p>\n<p class=\"p4\"><em>Ruth<\/em><br \/>\nWir lassen Dich allein &#8211; wir gehen irgendwo spazieren und du sitzt unter dem Busch.<\/p>\n<p class=\"p4\"><em>Marion [freudig erregt]<\/em><br \/>\nJa!<\/p>\n<p class=\"p7\"><i>[Hell]<\/i><\/p>\n<p class=\"p4\"><em>Ruth<\/em><br \/>\nWir lassen jetzt Marion allein und wenden uns wieder der Gruppe zu. Wer hat denn schon eine Idee f\u00fcr ein Gruppen-Thema?<\/p>\n<p class=\"p4\"><em>Lothar trommelt auf seinem Sitz<br \/>\n<\/em>Uaahh, Uga, Uga.<\/p>\n<p class=\"p4\"><em>Jens<\/em><br \/>\nSchchchttt<\/p>\n<p class=\"p4\"><em>Lothar<\/em><br \/>\nIch kommuniziere mit der Buschfrau<\/p>\n<p class=\"p4\"><em>Ruth<\/em><br \/>\nBitte lasst Marion in ihrer Vorstellung allein, sie hat darum gebeten, das solltet Ihr respektieren.<\/p>\n<p><strong>Weiterlesen? Bitte haben Sie noch ein wenig Geduld &#8230;\u00a0<\/strong><\/p>\n<p><strong>Bald k\u00f6nnen Sie in meinem Webshop erfahren, wie die Gruppe Lothar auf die Schliche kommt &#8211; und zwar als\u00a0<\/strong><\/p>\n<p>\n <a class=\"btn btn-live show-btn\" href=\"http:\/\/wp.fictionandphotographs.net\/\"> \u00a0 pdf zum ausdrucken \u00a0 \u00a0<\/a> \u00a0 \n <a class=\"btn btn-live show-btn\" href=\"http:\/\/wp.fictionandphotographs.net\/\"> \u00a0taschenbuch \u00a0 <\/a><\/p>\n","protected":false},"excerpt":{"rendered":"<p>Eine gruppenp\u00e4dagogische Sitzung in\u00a03 Akten und 14 Szenen mit Zitaten aus den Schriften Ruth Cohns Personen Ruth \u00a0 \u00a0 \u00a0 \u00a0 \u00a0 \u00a0 \u00a0 54, Gruppenp\u00e4dagogin, Analytikerin, geschieden, eine Tochter Marion \u00a0 \u00a0 \u00a0 \u00a0 \u00a0 51, arbeitslos, Hartz IV, geschieden, zwei Kinder Manfred \u00a0 \u00a0 \u00a0 \u00a048, Lehrer, krankgeschrieben Doris \u00a0 \u00a0 \u00a0 \u00a0 [&hellip;]<\/p>\n","protected":false},"author":1,"featured_media":0,"parent":1122,"menu_order":6,"comment_status":"open","ping_status":"open","template":"","meta":{"footnotes":""},"class_list":["post-1207","page","type-page","status-publish","hentry"],"_links":{"self":[{"href":"https:\/\/www.fictionandphotographs.de\/wordpress\/wp-json\/wp\/v2\/pages\/1207","targetHints":{"allow":["GET"]}}],"collection":[{"href":"https:\/\/www.fictionandphotographs.de\/wordpress\/wp-json\/wp\/v2\/pages"}],"about":[{"href":"https:\/\/www.fictionandphotographs.de\/wordpress\/wp-json\/wp\/v2\/types\/page"}],"author":[{"embeddable":true,"href":"https:\/\/www.fictionandphotographs.de\/wordpress\/wp-json\/wp\/v2\/users\/1"}],"replies":[{"embeddable":true,"href":"https:\/\/www.fictionandphotographs.de\/wordpress\/wp-json\/wp\/v2\/comments?post=1207"}],"version-history":[{"count":20,"href":"https:\/\/www.fictionandphotographs.de\/wordpress\/wp-json\/wp\/v2\/pages\/1207\/revisions"}],"predecessor-version":[{"id":3543,"href":"https:\/\/www.fictionandphotographs.de\/wordpress\/wp-json\/wp\/v2\/pages\/1207\/revisions\/3543"}],"up":[{"embeddable":true,"href":"https:\/\/www.fictionandphotographs.de\/wordpress\/wp-json\/wp\/v2\/pages\/1122"}],"wp:attachment":[{"href":"https:\/\/www.fictionandphotographs.de\/wordpress\/wp-json\/wp\/v2\/media?parent=1207"}],"curies":[{"name":"wp","href":"https:\/\/api.w.org\/{rel}","templated":true}]}}

<h2>Eine gruppenpädagogische Sitzung in 3 Akten und 14 Szenen mit Zitaten aus den Schriften Ruth Cohns</h2>
<p><strong>Personen</strong></p>
<p>Ruth               54, Gruppenpädagogin, Analytikerin, geschieden, eine Tochter</p>
<p>Marion           51, arbeitslos, Hartz IV, geschieden, zwei Kinder</p>
<p>Manfred        48, Lehrer, krankgeschrieben</p>
<p>Doris              43, Hausfrau, Mutter, drei Kinder</p>
<p>Jens                36, Lehrer, ledig</p>
<p>Simone          26, Studentin, Deutsch und Psychologie auf Lehramt, ledig</p>
<p>Lothar            51, Journalist und Berater</p>
<p>&nbsp;</p>
<p>Kamera 1        Videokamera auf Teilnehmer</p>
<p>Kamera 2        Videokamera auf Publikum</p>
<p>Publikum</p>
<p>&nbsp;</p>
<p><strong>Spieldauer ca. 90 Minuten inklusive 15 Minuten Pause.</strong></p>
<p class="p1"><b>Szene 5</b></p>
<p class="p3"><i>[Kamera 1: Ruth]</i></p>
<p class="p4"><em>Ruth</em><br />
Was wir gerade erleben, was Manfred erlebt, dieses in der Mitte der Gruppe stehen, einen Raum für das Selbst zu erhalten, das könnt ihr gut auch mal zum Thema eines Kurses machen, zum Beispiel bei einer Gruppe von Langzeitarbeitslosen, um ihnen ein Gefühl zu geben, dass sie integriert sind, dass sie dazugehören.</p>
<p class="p4"><em>Lothar</em><br />
Langzeitarbeitslose, das wär doch was für Dich Moni, da kennst Du Dich doch aus.</p>
<p class="p4"><em>Ruth</em><br />
Ja, da hat die Marion Erfahrung und das ist auch wichtig, denn ich bin bei der Anleitung einer Gruppe nicht „Nur-Leiterin“, ich bin ein Mitglied wie alle anderen, mit einer zusätzlichen Funktion, die Arbeit, die Interaktion der Gruppe und die Betroffenheit oder Störungen der einzelnen wahrzunehmen und mich einzusetzen, wenn ich glaube, dass es angemessen ist.<span class="Apple-converted-space">  </span>Als Leiter seid Ihr Teil der Gruppe, Ihr steht nicht außerhalb. Es geht immer darum, Anteil zu nehmen und damit der Gruppe neue Perspektiven zu eröffnen, so wie wir hier Anteil an Euch nehmen und ihr damit neue Perspektiven bekommt, Euch selbst gegenseitig Hoffnung macht.</p>
<p class="p6"><i>[Kamera 1: fade out]</i></p>
<p class="p4"><em>Ruth</em><br />
Vielleicht hat Marion schon eine Vorstellung, welches Thema sie gerne einer Gruppe anbieten würde. Hast Du Dir da schon mal Gedanken gemacht. Was würde Dich interessieren?</p>
<p class="p4"><em>Marion</em><br />
Ich habe noch keine Vorstellung. Ich will das jetzt auch nicht besprechen..</p>
<p class="p4"><em>Ruth</em><br />
Möchtest Du über Deine Schwierigkeiten reden?</p>
<p class="p4"><em>Marion</em><br />
Nein, ich hör‘ einfach zu.</p>
<p class="p4"><em>Ruth</em><br />
Aber Du bist mit dem Herzen nicht dabei. Wärest Du jetzt lieber woanders?</p>
<p class="p4"><em>Marion</em> <em>[leise]</em><br />
Wenn ich ehrlich bin, schon.</p>
<p class="p6"><i>[Dunkel/Spot auf Marion]</i></p>
<p class="p4"><em>Ruth</em><br />
Wo wärst Du jetzt gern?</p>
<p class="p4"><em>Marion</em><br />
Weit weg.</p>
<p class="p4"><em>Ruth</em><br />
Geh weit weg, so weit weg, wie du willst, wo du gern wärst. Geh in deiner Phantasie dahin, wo du sein möchtest. Du brauchst uns nicht zu erzählen, wo du Dich jetzt siehst, außer, Du willst es. Nimm dir Zeit für deine Reise.</p>
<p class="p4"><em>Marion [schließt die Augen]</em><br />
Ich bin weit weg &#8211; unter einem Busch</p>
<p class="p4"><em>Ruth</em><br />
Es ist gut, ein Busch zu sein. Ein Busch muss nichts sagen. Er ist ein Busch.</p>
<p class="p4"><em>Marion</em><br />
Ich bin nicht ganz Busch. Ich sitze unter dem Busch.</p>
<p class="p4"><em>Ruth</em><br />
Willst Du dem Busch etwas sagen?</p>
<p class="p4"><em>Marion</em><br />
Ich brauche ihm nichts zu sagen. Er versteht mich.</p>
<p class="p4"><em>Ruth</em><br />
Du bist mir vertraut Busch, wir kennen uns. Wir brauchen nichts zu sagen. Wir verstehen uns ohne Worte.</p>
<p class="p4"><em>Marion</em><br />
Ich möchte hier unter dem Busch sitzen bleiben</p>
<p class="p4"><em>Ruth</em><br />
Mit uns oder allein?</p>
<p class="p4"><em>Marion</em><br />
Allein</p>
<p class="p4"><em>Ruth</em><br />
Wir lassen Dich allein &#8211; wir gehen irgendwo spazieren und du sitzt unter dem Busch.</p>
<p class="p4"><em>Marion [freudig erregt]</em><br />
Ja!</p>
<p class="p7"><i>[Hell]</i></p>
<p class="p4"><em>Ruth</em><br />
Wir lassen jetzt Marion allein und wenden uns wieder der Gruppe zu. Wer hat denn schon eine Idee für ein Gruppen-Thema?</p>
<p class="p4"><em>Lothar trommelt auf seinem Sitz<br />
</em>Uaahh, Uga, Uga.</p>
<p class="p4"><em>Jens</em><br />
Schchchttt</p>
<p class="p4"><em>Lothar</em><br />
Ich kommuniziere mit der Buschfrau</p>
<p class="p4"><em>Ruth</em><br />
Bitte lasst Marion in ihrer Vorstellung allein, sie hat darum gebeten, das solltet Ihr respektieren.</p>
<p><strong>Weiterlesen? Bitte haben Sie noch ein wenig Geduld &#8230; </strong></p>
<p><strong>Bald können Sie in meinem Webshop erfahren, wie die Gruppe Lothar auf die Schliche kommt &#8211; und zwar als </strong></p>
<p>
 <a class="btn btn-live show-btn" href="http://wp.fictionandphotographs.net/">   pdf zum ausdrucken    </a>   
 <a class="btn btn-live show-btn" href="http://wp.fictionandphotographs.net/">  taschenbuch   </a></p>

<p>Eine gruppenpädagogische Sitzung in 3 Akten und 14 Szenen mit Zitaten aus den Schriften Ruth Cohns Personen Ruth               54, Gruppenpädagogin, Analytikerin, geschieden, eine Tochter Marion           51, arbeitslos, Hartz IV, geschieden, zwei Kinder Manfred        48, Lehrer, krankgeschrieben Doris         [&hellip;]</p>
